5). What is the highest common divisor of d and y?
5
Suppose 2*a - 5*q = 17 - 133, a - 5*q = -68. Let g = a + -14. Let c = -39 - g. What is the highest common factor of 46 and c?
23
Suppose -x + 3*x = -6. Let a(m) = -m**2 - 5*m - 4. Let y be a(x). Calculate the greatest common divisor of y and 5.
1
Let f be 6/(-2) - -2 - -4. Suppose 2*p + p - f*y = 78, 4*p - 105 = 5*y. Calculate the greatest common divisor of 5 and p.
5
Suppose -p - y = 4*p + 350, 2*p = -3*y - 153. Let z be (p/(-6))/((-1)/(-16)). Let n be -3*-46*(-4)/(-24). What is the highest common divisor of z and n?
23
Suppose -2*g + 5*a - 19 = 0, 0*g + 25 = 5*g + 2*a. Suppose -5*f = -4*p + 115, g*p - 4*f + 17 = 103. What is the highest common divisor of p and 5?
5
Suppose -10 + 0 = -2*y. Suppose 0 = y*d - 4*d - 40. What is the greatest common divisor of 5 and d?
5
Let w be (2 - 0)*(-5)/10. Suppose -5 = c - 22. Let b be c + w/(1/(-2)). What is the highest common divisor of b and 76?
19
Suppose -7*o + 24 = -4*o. Let r = 25 - -39. Calculate the highest common factor of r and o.
8
Suppose -3*v = 3*c - 204, -3*c + 25 + 165 = -4*v. What is the highest common divisor of c and 44?
22
Suppose 0 = -2*v + 3 + 3. Let s be (-1)/((-1)/(-2) - (-58)/(-108)). Calculate the highest common divisor of s and v.
3
Suppose 2*k - 64 - 2 = 0. Let r be 9 - (-2 - (2 - 2)). What is the highest common divisor of r and k?
11
Let x = -11 + 7. Let v be ((-6)/x)/(1/50). What is the greatest common factor of 30 and v?
15
Let y = 8 + -6. Let k = y + 1. What is the greatest common factor of k and 15?
3
Suppose -4*b + 8 = -0. Suppose 2*l - 5 = -w, 3*w + b*l - 8 = 3*l. Suppose -5*g + g = -h - 159, 4*g = -w*h + 163. What is the greatest common factor of 8 and g?
8
Suppose -8*g + 13*g - 29 = u, 0 = u - 1. Suppose -84 = -5*i - 2*n, -3*i = -5*n + 28 - 97. Calculate the greatest common divisor of i and g.
6
Let o(z) = z**3 - 5*z**2 - 8*z - 7. Let x be o(7). Let b = x - -1. Let i be (-36)/((18/4)/(-3)). Calculate the greatest common factor of i and b.
12
Let w be 1*(-1 + -2) - -3. Suppose w*d = 5*d - 30. What is the greatest common factor of 42 and d?
6
Let t = -17 + 41. Let z = t - -57. Calculate the highest common factor of z and 9.
9
Suppose 0*v + 12 = v. Suppose -2*z + 7*z + 5*w + 950 = 0, -2*z - w - 383 = 0. Let y = -61 - z. What is the highest common factor of v and y?
12
Suppose -2*i + 3*q = -12, -17 = -i - 4*q + 11. What is the greatest common divisor of 132 and i?
12
Let i(r) = 4*r**2 + 2*r + 2. Let k = -1 + -1. Let b be i(k). Calculate the greatest common factor of 56 and b.
14
Suppose 0 = -0*y - 2*y - 24. Let c = -42 - y. Let o be 2/(-6) - c/9. Calculate the greatest common factor of 3 and o.
3
Let y = -25 + 39. Calculate the highest common divisor of y and 14.
14
Let x(f) = f**3 - 6*f - 5. Suppose -2*t = -6*t + 20. Let a be x(t). Calculate the greatest common divisor of 18 and a.
18
Let u(n) = -n**3 + 5*n**2 + n + 7. Suppose 0 = z + z + 2*s - 8, 0 = -z - 2*s + 3. Let d be u(z). Let t = -2 - -8. What is the highest common divisor of d and t?
6
Suppose -5*x = 10, 0*c - 2*x = -5*c + 454. Let g = 13 + -14. Let o = g + 19. What is the greatest common divisor of c and o?
18
Let l(r) = 3*r**2 - 16*r + 3. Let w be l(7). Calculate the highest common factor of 76 and w.
38
Let m(j) = j**3 + 6*j**2 - 7*j. Let i be m(-5). Suppose 0 = -3*x - 2*l + 4*l + 68, 4*l + 88 = 4*x. Calculate the greatest common factor of x and i.
12
Suppose 0 = t + 2*t + 2*j - 20, -5*j = -3*t + 13. Suppose c = -4*b + 18, 3*b = -b + 16. What is the greatest common divisor of c and t?
2
Suppose g = -4*y + 24, 4*g + g - 8 = -4*y. Suppose 5*i + 3*u = 73, 2*i - 5*u = -2*i + 51. What is the greatest common divisor of i and y?
7
Let x(a) = 2*a**3 + 14*a**2 - 18*a - 8. Let k be x(-8). What is the greatest common divisor of k and 2?
2
Let n = 7 + 0. Suppose -4*a = -8*a + 368. Suppose -4*h = -4*p - p - a, 4*h - 132 = -5*p. What is the greatest common factor of n and h?
7
Let g = 26 + -28. Let l be (1656/(-27))/(g/6). Let n(f) = -f + 23. Let r be n(0). Calculate the highest common divisor of r and l.
23
Let k be 0 + 0 - (-1 - 1). Let w be (46/k)/(1 + 0). Let m = w - -33. What is the highest common factor of m and 14?
14
Suppose 3*i = -2*i + 630. Suppose -3*t + 46 = -2*x, 2*t = 3*t - 4*x - 22. What is the highest common divisor of i and t?
14
Suppose 2*c = -3*j + 4*j + 4, -c - 12 = 3*j. Suppose -4*t - i + 30 = c, 3*t - 21 - 9 = 3*i. What is the greatest common factor of 88 and t?
8
Suppose 2*r = -2*a, 7*a = r + 2*a. Suppose 2*q + 10 = 0, 3*n = n - 3*q - 5. Suppose r - n = -k. What is the highest common factor of 5 and k?
5
Suppose 3*r + 2*r = 15, 0 = 4*i - r - 45. What is the highest common divisor of i and 8?
4
Let t be (-80)/(-3) - (-6)/(-9). Suppose -2*q + t - 6 = 0. Calculate the greatest common divisor of 40 and q.
10
Suppose -2*i - r - 1318 = -5*i, 3*r = 15. What is the highest common divisor of i and 49?
49
Suppose -4*l = -2*l. Suppose -2*c = -2*s - 136, 3*s + 348 = -l*c + 5*c. Calculate the greatest common divisor of c and 9.
9
Let t(p) = 11*p**2 + 4*p - 2. Let m be t(2). Calculate the greatest common divisor of 25 and m.
25
Suppose -24 = -4*z + 2*p, -6 - 8 = -4*z - 3*p. Let f = 17 - 7. Suppose h - 5 - f = 0. Calculate the greatest common divisor of h and z.
5
Let m = -17 + 18. Calculate the highest common divisor of 1 and m.
1
Let h = 25 - 15. Let o be (-16)/20*h/(-4). Suppose -2*d = -0*i + 2*i - 8, d + 4*i = -o. Calculate the greatest common divisor of d and 12.
6
Let b = 0 - 1. Let g be (-31)/(-3) + b/3. Suppose -5*q - 5*h = -240, 4*q + 3*h = -130 + 324. What is the highest common divisor of g and q?
10
Let s = -2 + -1. Let c = 0 - s. What is the greatest common divisor of 9 and c?
3
Let b = 6 - 1. Let r be (7 + -1)/2 + -1. Let k = 0 + r. Calculate the greatest common factor of k and b.
1
Suppose 0 = -5*t - 4*k - 48 + 165, -3*t + 5*k = -48. Calculate the greatest common divisor of t and 168.
21
Suppose -6*z + z + 50 = 0. Let a = 277 - 275. What is the highest common factor of z and a?
2
Let z(k) = k**2 - 5*k - 8. Let a be z(9). Suppose 0*x - o = x - 20, o + a = x. What is the greatest common factor of x and 16?
8
Let g(b) = b**2 - b - 2. Let r be g(-2). Let i be (8 - 0)/(r/8). Suppose -4*p = 5*q - 50 + 10, 2*q = 4*p + i. Calculate the highest common divisor of 64 and q.
8
Suppose 7*p = 2*p. Suppose 0 = -p*y - 2*y + 6. Suppose -y*s - 2*s = -135. Calculate the highest common divisor of 3 and s.
3
Let u be 64/28 - 2/7. Suppose 0*f = u*f - 6. What is the highest common factor of f and 33?
3
Let z = 69 + -63. What is the highest common factor of z and 3?
3
Let o = 6 + 10. What is the greatest common factor of o and 144?
16
Suppose a = -3*a + 28. Let u be (-970)/(-35) + (-4)/(-14). Calculate the greatest common divisor of a and u.
7
Let u(a) = -a**3 - 6*a**2 - 6*a + 4. Let k be u(-5). Suppose -20 = -m - 2. What is the greatest common factor of m and k?
9
Let a(p) = p**3 - 4*p**2 - 16*p + 5. Let o be a(7). What is the highest common divisor of o and 24?
8
Suppose -5*t + 3*t = 0. Suppose 4*o - 5*x - 105 = t, -3*o + 3*x + 80 = -x. Let f be (-476)/(-8) + 2/4. What is the highest common divisor of o and f?
20
Suppose 0 = 2*t - 278 - 116. Let h be (4 + 0)/((-3)/99). Let q = t + h. Calculate the greatest common factor of 26 and q.
13
Let o(x) = 2*x + 28. Let p be o(-4). Suppose -12 = -2*q + 28. Calculate the greatest common factor of q and p.
20
Suppose 4*x - x - 15 = 0. Let b = -4 - -59. What is the greatest common divisor of b and x?
5
Let w = -12 + 15. Suppose -5*s + c = w*c - 33, 3*c - 32 = -5*s. What is the greatest common divisor of s and 28?
7
Suppose 5*s - 120 = -5*w, 0 = 2*s - w - 61 + 1. Let z be 1/3*1*24. Let q = z - 4. What is the highest common divisor of q and s?
4
Suppose -l + 48 = 2*l. Calculate the highest common divisor of l and 24.
8
Let b(k) = -k**3 + 6*k**2 - k + 4. Let a = 4 - 0. Let m be b(a). Let s = 17 - 9. Calculate the highest common factor of m and s.
8
Suppose -3*k + 3*l + 36 = 0, 0 = -2*k - 5*l + 5 + 40. What is the highest common divisor of k and 135?
15
Let x be 2/6 + (-418)/(-6). Suppose u = 6*u - x. What is the greatest common factor of 98 and u?
14
Let z(w) be the second derivative of -w**4/12 - 4*w**3/3 - 2*w**2 - 9*w. Let q be z(-